4a
What is 11201112022 (base 3) in base 8?
265451
Convert 2187 (base 16) to base 4.
2012013
7661ac (base 13) to base 10
2783910
What is 1197d (base 16) in base 3?
10122211221
What is -111113103 (base 4) in base 2?
-10101010111010011
-1000111111101010100 (base 2) to base 10
-294740
What is -12412441 (base 6) in base 5?
-100444444
What is -17150076 (base 8) in base 13?
-a97088
Convert 222102120220 (base 3) to base 16.
7f00e
What is -10a3e (base 15) in base 16?
-cec6
Convert 112a5 (base 16) to base 13.
26005
What is 107524 (base 9) in base 11?
44579
Convert -3102020331 (base 4) to base 8.
-3221075
Convert 112464012 (base 7) to base 11.
399808a
What is -4687464 (base 9) in base 13?
-6ab2c2
Convert -42709 (base 12) to base 7.
-512601
What is -238357 (base 14) in base 6?
-42002041
1120003131 (base 4) to base 9
608663
-85028a (base 12) to base 3
-10221102102121
Convert 12949185 (base 10) to base 3.
220100212221110
-7749b0 (base 13) to base 8
-12557126
2174ad (base 15) to base 10
1594063
-32865 (base 11) to base 2
-1011101000001000
What is 211201201112220 (base 3) in base 6?
1110525340
What is 122304100 (base 5) in base 12?
244361
Convert 8866001 (base 9) to base 11.
2767018
Convert 16385878 (base 9) to base 2.
11111010011010100101110
-1424330 (base 6) to base 13
-2b041
Convert -2021211220 (base 3) to base 13.
-176a3
What is 53a78 (base 12) in base 11?
75a40
Convert -48425 (base 14) to base 11.
-110614
What is 952139 (base 10) in base 12?
39b00b
Convert 12011200020 (base 3) to base 4.
120312333
What is -100111000001110100101 (base 2) in base 8?
-4701645
What is 66341265 (base 7) in base 3?
101201222110000
Convert 80223 (base 10) to base 12.
3a513
-5675 (base 10) to base 11
-429a
What is 249474 (base 14) in base 3?
2100202101120
Convert -22c07a (base 13) to base 9.
-1488260
What is -93e61 (base 15) in base 4?
-1302133333
-710e (base 15) to base 9
-35655
Convert -2396a7 (base 12) to base 13.
-172498
-101111110000 (base 2) to base 11
-2329
What is 3a6a3 (base 14) in base 15?
2ca07
Convert -4044300 (base 5) to base 3.
-10022221201
40240002 (base 6) to base 14
2198b0
Convert -81644 (base 10) to base 7.
-460013
What is -4b8508 (base 13) in base 4?
-12323302230
11010111000111110000001 (base 2) to base 4
122320332001
-221021201022 (base 3) to base 13
-1456c7
Convert -9d7d5 (base 16) to base 13.
-197804
Convert 2310112213 (base 4) to base 15.
e8d37
188208 (base 10) to base 14
4c836
Convert -e9aa9 (base 15) to base 12.
-2b9166
15a08 (base 11) to base 16
57f2
Convert -118025 (base 10) to base 9.
-188808
What is -631365 (base 7) in base 9?
-174846
What is 9083 (base 14) in base 6?
310511
What is -ec993 (base 16) in base 11?
-602117
What is -896930 (base 11) in base 2?
-101011100111100100101
What is 1d89a9 (base 14) in base 6?
34424253
-6d39cb (base 16) to base 5
-3313030334
What is -6404414 (base 8) in base 5?
-414100002
3674637 (base 8) to base 13
296806
What is -10332230 (base 4) in base 2?
-100111110101100
75036 (base 8) to base 12
16112
Convert 121b0c (base 14) to base 3.
1011110212222
What is -44741313 (base 8) in base 10?
-9683659
-103359 (base 10) to base 6
-2114303
-112241432 (base 5) to base 16
-7c440
Convert -249615 (base 11) to base 9.
-658556
What is 1a740 (base 12) in base 14?
1034c
Convert -11403174 (base 8) to base 12.
-a02190
What is 10100110010001100111001 (base 2) in base 7?
64211566
Convert -1931869 (base 13) to base 16.
-7e00e5
312030310 (base 4) to base 3
102021112101
Convert 5204032 (base 7) to base 16.
98296
-13003111103 (base 4) to base 8
-7032523
Convert 447503 (base 8) to base 10.
151363
10100010001100000011000 (base 2) to base 13
1141032
-20556 (base 16) to base 5
-13214223
Convert -6443122 (base 7) to base 15.
-10739a
-64ea15 (base 16) to base 8
-31165025
What is 3512420 (base 6) in base 16?
2c1fc
232023123 (base 4) to base 5
22023042
Convert 42481 (base 10) to base 4.
22113301
757308 (base 9) to base 15
8dba2
What is 37707 (base 13) in base 9?
165233
Convert -87604 (base 10) to base 15.
-1ae54
What is 3341433 (base 6) in base 8?
511635
Convert 143048 (base 10) to base 13.
50159
What is 1321c9 (base 14) in base 4?
2200313311
Convert a1a64 (base 15) to base 9.
860254
Convert -55029 (base 10) to base 14.
-160a9
Convert 129719 (base 10) to base 3.
20120221102
What is -311020 (base 5) in base 12?
-5a47
-a991675 (base 11) to base 8
-111475241
774028 (base 9) to base 13
1324ca
Convert -10681640 (base 9) to base 14.
-991a9c
1d020 (base 14) to base 7
426040
What is -65730a (base 11) in base 9?
-1868208
What is b7325 (base 12) in base 3?
110020010002
What is -65206 (base 12) in base 2?
-100000100011100110
Convert 2122011101 (base 3) to base 6.
1040101
Convert -6ed99 (base 15) to base 16.
-56715
Convert -19d17 (base 14) to base 11.
-45390
-6253d8 (base 16) to base 7
-105526102
What is 1499b (base 16) in base 11?
58439
31344413 (base 6) to base 7
10533351
-7aca3 (base 13) to base 6
-4445150
Convert -39837 (base 12) to base 13.
-29c26
What is -6103469 (base 10) in base 15?
-80867e
Convert 3301043 (base 5) to base 16.
dc4e
4272581 (base 9) to base 4
20233200031
-1010010100110010111101 (base 2) to base 9
-5074706
Convert 1eca0 (base 15) to base 2.
11000100101110101
-3251688 (base 12) to base 3
-122222210120212
Convert 11202001012202 (base 3) to base 15.
34bb58
-1135211141 (base 6) to base 10
-12847525
What is -6554b (base 14) in base 16?
-3be0f
2243202 (base 5) to base 14
10a39
188d8d (base 16) to base 8
6106615
What is -213b55 (base 12) in base 16?
-803b1
-13324263 (base 8) to base 14
-57c6c3
What is 196e8 (base 15) in base 7?
462503
Convert 1002200020120000 (base 3) to base 12.
53467a6
Convert 1002242133 (base 5) to base 11.
1141759
-81710 (base 16) to base 6
-15210332
-1245711 (base 8) to base 14
-906b7
Convert a8668 (base 12) to base 10.
222128
What is -143046 (base 7) in base 15?
-8219
What is -57124 (base 9) in base 12?
-19bb7
Convert 9149267 (base 10) to base 7.
140524151
123625234 (base 7) to base 4
132001330330
What is -100001001022 (base 3) in base 9?
-301038
Convert -114ccb (base 14) to base 16.
-8ffb3
Convert 32120024 (base 6) to base 4.
3212112100
Convert -2314210 (base 6) to base 15.
-25353
Convert -20133012210 (base 4) to base 13.
-5cb701
Convert 43982 (base 11) to base 3.
10020102121
What is -678651 (base 9) in base 2?
-1100011010000111001
What is 2181213 (base 14) in base 11?
8a854a2
Convert 382769 (base 10) to base 8.
1353461
What is 1f52f (base 16) in base 10?
128303
What is -2004104 (base 7) in base 16?
-39cb3
Convert -21213737 (base 8) to base 12.
-1624513
What is a8ccb (base 14) in base 3?
202202112221
Convert 2652626 (base 7) to base 3.
122201221022
Convert 1850802 (base 10) to base 11.
1054598
-3182461 (base 10) to base 15
-42ce41
Convert 33209 (base 10) to base 11.
22a50
Convert -4013421 (base 5) to base 6.
-1210255
Convert 7ac41 (base 14) to base 5.
34030021
What is 1442210313 (base 5) in base 13?
a54a93
1100111000 (base 3) to base 5
1322340
What is -101010100110001000001110 (base 2) in base 8?
-52461016
Convert -155314 (base 9) to base 16.
-1760b
Convert -19819 (base 11) to base 10.
-27608
What is -1645dc (base 15) in base 11?
-676981
344845 (base 13) to base 12
4b8754
What is -2303113110 (base 4) in base 10?
-734676
Convert 1200b (base 12) to base 2.
101111010001011
3211051 (base 8) to base 12
353889
-412344244 (base 5) to base 10
-1684324
Convert a0616 (base 12) to base 7.
1525056
Convert 23646406 (base 7) to base 14.
3cdd3d
What is 31322132 (base 6) in base 3?
1201101020002
Convert 3b25b79 (base 12) to base 5.
11001400033
What is 11ce9 (base 16) in base 6?
1321401
What is 31140241 (base 5) in base 4?
332123100
10140243 (base 5) to base 6
1444023
-5215a (base 11) to base 8
-224425
What is -111110011100100011001 (base 2) in base 14?
-3b39d7
What is -14035413 (base 9) in base 2?
-11010011100011110101101
What is 26346b (base 16) in base 11?
1460150
412234 (base 5) to base 3
200102221
What is -1257 (base 15) in base 16?
-f43
1d9a839 (base 14) to base 16
e34bb3
What is 508072 (base 9) in base 11?
196286
-1255a3 (base 14) to base 10
-629499
Convert -3b66 (base 14) to base 2.
-10100011101110
What is -112122100001210 (base 3) in base 13?
-17c5a9a
Convert b7245 (base 12) to base 14.
6392d
Convert 26035 (base 9) to base 5.
10